/12 - z**3/3 - z**2/2 - 5*z. Suppose -3*d + 3*s = -138, -4*d + 208 = s + s. Let j = d + -52. Calculate y(j).
-17
Let j(q) = -2*q + 7. Suppose 4*r - 6*r = -4. Suppose -o - 42 - 31 = 2*p, -r*p = 2*o + 72. Let m = 46 + p. What is j(m)?
-11
Let b = 1139 - 1139. Let k(d) = d - 124. Calculate k(b).
-124
Suppose 0 = 8*l - 941 + 869. Let u(a) be the second derivative of -a**4/12 + 5*a**3/3 - a**2 - 3*a. Calculate u(l).
7
Let y(s) = s**2 + s. Let x(w) = w + 1. Let f(i) = 4*x(i) + 4*y(i). Let j(m) = 1701*m - 12 - 3420*m + 1694*m - 11*m**2. Let r(l) = 8*f(l) + 3*j(l). Give r(-9).
14
Let p(n) be the second derivative of n**3/6 - 6*n**2 + 1404*n. What is p(15)?
3
Let m(k) = k**2 + 5*k + 13. Let y be m(-5). Let f(z) be the first derivative of z**2/2 - 17*z + 64. Calculate f(y).
-4
Let q be (-10 + 14)*((-36)/(-16) + -3). Let w be (2 + -2)*1 - -2. Let c(y) = 4 + 4*y**2 + 4*y - w*y**2 - y. Determine c(q).
13
Let c(x) = x**3 + 5*x**2 + 2*x - 3. Suppose -24*v = -17*v - 21. Suppose v*w + 15 = 2*o - 3*o, 4*w + 10 = 2*o. Give c(o).
9
Let j(k) be the second derivative of -k**4/12 - 3*k**3/2 + 11*k**2/2 + 266*k + 3. Give j(-13).
-41
Let h(b) = 3*b + 3. Let l be h(-5). Let d(q) = -4*q - 20. Let m be d(l). Suppose 33*g = m*g + 30. Let y(c) = c**3 - 5*c**2 - 6*c + 7. Calculate y(g).
7
Let h(y) = 11*y + 1. Let l be (0 - -5)*(27 + -3)/8. Suppose -21 = l*v - 6. Calculate h(v).
-10
Let u(y) = y**3 + 18*y**2 + 31*y - 24. Let o be u(-16). Let z be o + 2 + 0 - 33/(-11). Let h(g) = -g**2 + 2*g + 4. Calculate h(z).
-11
Let l(z) = 13*z + 38. Let q be 3816/(-1696)*(-16)/(-3). Give l(q).
-118
Suppose 4 = 7*i + 25. Suppose -z - 2 = -5. Let y(a) = z - 3*a + 2*a + a**2 - 5. What is y(i)?
10
Let m(q) = q**3 + 5*q**2 + 5*q + 5. Let a be ((-9)/(-18)*12)/(2 + -4) - 1. Determine m(a).
1
Let x(z) be the third derivative of -7/6*z**3 - 18*z**2 + 0*z + 2 - 1/24*z**4. Let o be (-2)/5 + (-23)/5. What is x(o)?
-2
Suppose -5*g + 71 = -3*y, 4*g - 7*y - 61 = -6*y. Let o be 20/g - (-48)/64. Let b(h) = 6*h + 2. Calculate b(o).
14
Suppose -3*q - 105 = -0*q. Let g = q + 43. Let m(o) = -g*o + 3 - 7*o + o + 6*o + o**2. Calculate m(6).
-9
Let v(g) be the first derivative of g**4/4 - 5*g**3/3 + 2*g**2 + g + 2. Let a be 20 - 17 - -53*3. Let c = a + -159. Determine v(c).
-5
Let q(i) = -13*i + 83. Let z be q(14). Let g = z + 95. Let o(t) = t**2 + 4*t + 4. Determine o(g).
4
Suppose 78*d = -297 + 1389. Let t(u) = -u**3 + 15*u**2 - 9*u - 30. Give t(d).
40
Let b(d) = -d**3 + 4*d**2 + 3. Let y(l) = l**3 + 3*l**2 + 3*l + 32. Let j = 423 + -427. Let i be y(j). Give b(i).
3
Let j(x) = 8*x - 288. Let b be j(36). Suppose b = 4*i - r + 26, -13*i + 4*r - 27 = -8*i. Let c(t) = -8*t - 1. Calculate c(i).
55
Let b(n) = -2*n**2 - 3*n - n**3 + 6 + 7*n**2 - 2*n. Let d(y) = -y**2 + 9*y + 96. Let q be d(15). Suppose 4*m - 28 = -5*c, 2*c - q*c = m - 18. What is b(c)?
2
Let p(q) = -8*q - 52. Let m(r) = -3*r**2 + 49*r - 168. Let s be m(12). What is p(s)?
44
Let h(u) = u + 9. Let n(m) = -m**3 + 15*m**2 - 29*m + 39. Suppose 3*c - 42 = -3*p, 3*c + 2*p - 6 = 35. Let r be n(c). Calculate h(r).
9
Let m be (1/2)/(-2 + (-143)/(-66)). Let n = 1 - -6. Let a(v) = -n*v + 2*v + 3 + m*v. What is a(-4)?
11
Let m(c) = -14*c - 7. Let b(f) = 21*f + 10. Let d(n) = 5*b(n) + 7*m(n). Let y(l) = -l. Let z(j) = d(j) + 6*y(j). Let w = 48 + -52. Determine z(w).
-3
Let a = -51 + 60. Let h(c) = 3 - 3 - 2 - 5*c + a*c. Calculate h(2).
6
Let h(m) = -10*m - 10. Suppose 4*a + 2017 - 2029 = 0. Calculate h(a).
-40
Let u(f) = -6*f**3 - f**2 - 4*f. Let p(s) = s**3 + 0 + 0 - 102*s + 103*s. Let l = 49 + -44. Let c(d) = l*p(d) + u(d). Calculate c(2).
-10
Suppose 9*j - 12*j = -36. Suppose -3*a = -p + j, -2*a + 4*a + 10 = 0. Let m(x) = 3*x + 2. Calculate m(p).
-7
Let j(r) = -8*r - 173. Let p(a) = 3*a + 85. Let k(g) = -6*j(g) - 13*p(g). Calculate k(8).
5
Let f = -1 - -6. Let z(v) be the second derivative of v**5/20 - 5*v**4/12 - 5*v**2/2 + 65*v + 1. What is z(f)?
-5
Suppose -5*q - 5*f = -4 + 9, 0 = 5*q - 3*f + 13. Let k(c) = 34*c**2 - 3*c + 2. Let z be k(1). Let l(h) = -2*h**3 - 5*h + 31 + 3*h**3 + 2*h - z. Determine l(q).
-4
Let f(z) be the first derivative of 3/2*z**2 - 112 - 12*z. Determine f(5).
3
Let z(b) = 0*b + b - b + 3 + 6*b**2 + b. Suppose 7*u + 67 = -u + 51. Calculate z(u).
25
Suppose 86*a - 76*a = 1080. Suppose 5*s = -m + 18, 5*m - 90 = -3*s + 4*s. Let p be 408/a - (-4)/m. Let t(n) = 2*n - 4. Determine t(p).
4
Let k be 115/(-92) + (-82)/(-8). Let n(z) = 41*z**2 - k + 2 - 5*z + 0*z - 42*z**2. Give n(-5).
-7
Let d(k) be the third derivative of 11*k**4/24 + 5*k**3/2 - 16*k**2 - 30*k. Determine d(-1).
4
Suppose 0*x + 2 = x. Suppose -x = h - 6. Let p(a) = 6*a + 1. Let b(y) = 17*y + 5. Let n(c) = -2*b(c) + 6*p(c). Calculate n(h).
4
Suppose x = 5*k - 5, 0 = 3*x + 2*k - k + 15. Let d(a) = -3*a - 12. Let p(l) = 7*l + 26. Let s(i) = x*d(i) - 2*p(i). Calculate s(-13).
-5
Suppose -38 = -46*g + 284. Let c(f) = -f**2 - 6. Determine c(g).
-55
Let n(a) = 7*a**3 - a**2 - a + 1. Let i(y) = 34*y**3 + 5*y**2 - 3*y + 8. Let z(v) = -i(v) + 5*n(v). Determine z(10).
-23
Let n(g) = g**2 + 10*g - 9. Let v = -4151 - -4144. Give n(v).
-30
Let x = 4 + 0. Let v(l) = 74*l - 32. Let c(n) = 40*n - 17. Let y(d) = -13*c(d) + 7*v(d). Calculate y(x).
-11
Let w(p) = -p**3 - 10*p**2 + 17*p + 8. Suppose -72*i + 416 = 22*i + 1544. Determine w(i).
92
Suppose -64 - 6 = 2*h. Let k = -30 - h. Let s(l) be the first derivative of l**2/2 + 3*l - 175. Calculate s(k).
8
Let c(x) = x**2 - x - 4. Let f = 42 + -35. Suppose 6*n = f*n + 2. Let t be 15/10*1*n. What is c(t)?
8
Let l(d) = -d**2 + 18*d - 78. Let z be l(11). Let a(r) = -15*r**2 - 11*r. Let j(b) = 17*b**2 + 13*b. Let s(q) = -6*a(q) - 5*j(q). What is s(z)?
4
Suppose -5*r + 20 = 0, 0 = -286*h + 288*h - 4*r + 22. Let q(m) = 15*m**2 + 3*m + 1. Calculate q(h).
127
Suppose 8 = 4*d - 0, -3*p + 3*d + 3 = 0. Let o be 5 + 4 - ((p - 2) + 3). Let j(w) = -w**2 + 3*w + 11. Determine j(o).
1
Let s(x) = -8*x + 71. Let a be (-12)/(-60) + (-3)/(-30)*88. Give s(a).
-1
Let t(g) = 10*g + 10. Suppose 3*z + 3 = -3*p, p - 14*z + 1 = -11*z. Give t(p).
0
Let d(r) be the second derivative of 0*r**2 + 1/240*r**6 + 11*r + 0*r**3 - 23/12*r**4 + 1/60*r**5 + 0. Let y(x) be the third derivative of d(x). Give y(4).
14
Suppose 2*w + 19*f - 23*f - 14 = 0, 4*w - 5*f - 22 = 0. Let l be (w/3 + 15 - 4)/(-2). Let v(g) = 5*g + 14. What is v(l)?
-16
Let x = -46/309 + 149/309. Let s(o) be the first derivative of -2*o + 40 - o**2 + 1/2*o**4 - x*o**3. What is s(-2)?
-18
Let b be ((-24)/18)/((-2)/6). Let n(h) = -16 + 5*h + 6 + h**2 + b. Suppose 2*u = -10, -2*p + 81*u = 83*u + 20. Give n(p).
-6
Suppose -36 = -129*k + 138*k. Let d(l) = -11*l - 52. Calculate d(k).
-8
Let v(n) = -8 - 20*n**2 + 42*n - 4*n - n**3 + 32*n**2 - 9*n**2. What is v(-5)?
2
Let f = 65 + -38. Suppose c - 3*c + 3*q + 21 = 0, 0 = 4*c - 3*q - f. Let g be c + 4 - 2/(-2). Let n(l) = -l**3 + 9*l**2 - 7*l - 11. Give n(g).
-3
Let c = 446 - 451. Let m(n) be the third derivative of -2/3*n**3 - 1/4*n**4 - 4*n**2 + 1/120*n**6 + 1/15*n**5 + 0 + 0*n. What is m(c)?
1
Suppose 10*w + 5*w - w = -8*w. Let i(m) be the second derivative of -m + w - m**3 + 3*m**2 + 1/12*m**4. Determine i(5).
1
Let c(j) be the first derivative of 5*j**2/2 + 15*j - 2064. What is c(1)?
20
Let j(q) be the first derivative of -q**4/4 + 2*q**3 + 5*q**2/2 + 5*q + 164. Let i = 13 + -6. Let f be (i/5)/((-1)/(-5)). Determine j(f).
-9
Suppose -37*b = -33*b + 12, 27 = -3*j - 4*b. Let u(z) = z**3 + 7*z**2 - z + 2. Give u(j).
57
Let w(x) be the first derivative of x**4/4 + 5*x**3/3 - 6*x**2 - 17*x - 1092. What is w(-7)?
-31
Let p = -42 + 42. Let k(g) = -217 + 206 - 12*g - g**2 + 20*g - 8*g. What is k(p)?
-11
Let q(d) = -3*d**2 - d. Let j(n) = n**2 - 19*n + 60. Let t be j(15). Suppose -4*f = x, 0 = -4*f - t*f + 5*x - 24. Give q(f).
-2
Let g(o) = -o**2 - 17*o - 22. Let c be g(-15). Let q(u) = 89*u - 1 - 86*u - 8 + 2. Determine q(c).
17
Let o be 3/1 - (2 + -6). Let n(c) = 3*c**2 + 7*c - 3. Let m(u) = 13*u - 8 + 4*u**2 + 3 + 2*u**2 - u**2. Let x(z) = o*n(z) - 4*m(z). Calculate x(-2).
9
Let i = 537 - 527. Let q(x) = -x**2 + 6*x + 21. Give q(i).
-19
Suppose 297 = 44*o + 55*o. Let y(i) = 30*i - 99. Give y(o).
-9
Let g(k) be the third derivative of k**6/120 - k**5/15 - k**4/8 + 2*k**3/3 -